o(i) composite?
True
Let a be 12/90 - (-4)/(-30). Suppose k = 4*o - 15, -o + 3*k - 3 + 15 = a. Is (15/10)/(o/826) prime?
False
Suppose 170229 + 503139 = 24*f. Is f prime?
True
Suppose 477846 = 28*p - 10*p. Is p prime?
False
Let d(m) = -m**3 - 4*m**2 + 6*m + 2. Let z be d(-5). Is 37/(z*3/(-207)) composite?
True
Suppose -7*c = -4 - 24. Suppose -3*h = -4*b - 0*b + 2366, -c*b + 2*h = -2368. Is b composite?
False
Suppose 0 = 6*v + 14*v - 3820. Is v prime?
True
Let o = 2680 + -1499. Is o a prime number?
True
Let d be -4*(57/(-12) - -4). Suppose 0 = 4*u + u + d*l - 295, -3*l - 118 = -2*u. Is u composite?
False
Suppose b + 5*c - 1 = -8, c + 11 = 3*b. Suppose 0*s - 638 = -4*s - b*t, 5*s + 4*t = 797. Let o = -102 + s. Is o a composite number?
False
Let f be (-15)/5 - (-4 - 1)*1. Is (2 - 3)/(f/(-434)) prime?
False
Let u = 7999 + -1860. Is u composite?
True
Let n be 50/(-5) - 1*-2. Let i be (-6)/2*n/12. Suppose 822 = j + i*j. Is j composite?
True
Suppose -3 - 24 = -3*q. Let d be q*(-3)/(-9)*1. Is (10 - 7)/(d/419) prime?
True
Suppose 9 = -3*m, -2*c + 706 = 2*m - 234. Is c prime?
False
Let s = -56 + 59. Suppose 3*z - s*h = 1917, -704 = -5*z - 2*h + 2463. Is z composite?
True
Suppose -5*p + 33037 = 5*m - 12493, -2*m + 36418 = 4*p. Is p a prime number?
True
Let g be -2*((-5155)/2 + (-4 - -2)). Suppose g + 2531 = 2*w. Is w prime?
False
Is (83*2)/((-6)/(-69)) a composite number?
True
Let l = 1051 - 614. Suppose -2*u - 222 = 138. Let z = u + l. Is z a prime number?
True
Let d(i) = i**2 + 4*i + 481. Let g be (1 - (-5)/(-7)) + (-10)/35. Is d(g) prime?
False
Let z(y) = 4*y**3 - 12*y**2 + 14*y + 7. Is z(8) composite?
False
Let z be -3 + 5584 - (12 + -7). Suppose 6*q + 3*i + 3348 = 9*q, 0 = 5*q - i - z. Is q composite?
True
Suppose -5*d = 3*h - 37242, 6*h + 4*d = 11*h - 62107. Is h a prime number?
False
Suppose 2*j - w + 4663 = 46943, -2*j + 3*w + 42284 = 0. Is j a composite number?
False
Suppose -j = 4*n - 1077512 + 259925, 4*n - 817590 = 2*j. Is n a prime number?
True
Let f be -4 + (-20)/(-5) - (-2019)/1. Suppose 0 = 2*x + x - f. Is x composite?
False
Let u(t) = -27*t**3 - 6*t**2 + 10*t - 3. Is u(-4) a composite number?
True
Let u(r) = 141*r - 4. Let i be (-6)/24 - (-26)/8. Is u(i) a composite number?
False
Let x be 18/10 + -2 - (-124)/20. Suppose -x*t + 11062 = -4046. Is t a composite number?
True
Suppose -36 = -r + 3*p, 3*r + p - 148 = -0*p. Is 7164/r + 2/(-8) prime?
True
Let o(q) = 3 + 2*q + 8*q**2 + 16*q**2 + 0 + 17*q**2. Let i(p) = -p**3 + 2*p**2 - 2*p + 2. Let u be i(2). Is o(u) composite?
False
Is (5/(-2))/(10 - (-21315)/(-2130)) composite?
True
Suppose p - 164 = 5*p. Let j be (4/(-3) - 20/(-150))*-15. Let o = j - p. Is o a composite number?
False
Suppose 0 = -v + 8*f - 3*f + 6177, 2*f + 24780 = 4*v. Is v a prime number?
True
Suppose -5*t = 2*a + 2 + 28, -3*t - 29 = -a. Let h(m) = -13*m - 17. Is h(t) a prime number?
False
Suppose 0 = -32*m + 28*m + 23700. Let o = m - 3534. Is o a composite number?
True
Suppose 18084 = n + 5235. Is n a prime number?
False
Suppose -12*p + 7*p = 5*a - 45665, -2*a + 5*p = -18252. Is a a composite number?
True
Suppose -27*h + 23*h - 27135 = -s, 2*h - 135631 = -5*s. Is s composite?
False
Let t(k) be the first derivative of -17*k - 27/2*k**2 - 7. Is t(-8) composite?
False
Suppose v + 3*x - 3 = 0, 39 = -3*v - v + 5*x. Is ((-33)/v)/(1/6) prime?
False
Suppose 0 = -0*a + 2*a - 1442. Let g = -224 + a. Is g a prime number?
False
Let a be -2 - -20 - (-15)/(-5). Let c = 14 - 18. Let i = c + a. Is i prime?
True
Suppose -5*m + 5294 - 1329 = 0. Let b = m - -114. Is b composite?
False
Suppose -7*x - 571 + 19940 = 0. Is x a composite number?
False
Suppose 0 = 4*v + 4, -29 = -8*w + 3*w + 4*v. Suppose -w*d = d - 1266. Is d a prime number?
True
Suppose d = 5*l + 13, 4*d - 7 = d - l. Suppose -d*a = a - 24. Is a a composite number?
True
Suppose 2*a - 17 = 4*t - 3*a, 0 = 2*t + 4*a - 24. Suppose t*c - 366 = -2. Suppose -c = -4*u + 126. Is u composite?
True
Suppose 0 = -4*t - 4*n + 160616, 72066 = 2*t + 3*n - 8245. Is t prime?
True
Let x(w) = 2*w**3 - 31*w**2 - 18*w + 31. Let s be x(16). Let v(m) = -288*m**3 + 2*m**2 - 1. Is v(s) a composite number?
True
Suppose -2*y = 4*a - 62112, 4*a + 20*y = 21*y + 62106. Is a prime?
True
Is -527*2*(3 - (-42)/(-12)) a composite number?
True
Is ((-553312)/64)/((-2)/4) a prime number?
True
Let m(n) = 3*n**2 + n**2 + 5 + 2*n**2 + n**3 + 6*n. Let c be m(-5). Suppose 0 = h + s - 217, 0 = -h + 3*s - c*s + 217. Is h a composite number?
True
Let i(k) = -9*k**3 - 6*k**2 - 3*k + 2. Let t(b) = b**3 + b**2 + b. Let q(j) = i(j) + 5*t(j). Let f = 7 + -10. Is q(f) a composite number?
True
Suppose q + q - 2227 = -3*k, -3*k + 4457 = 4*q. Is q composite?
True
Is (488190/(-40))/(6/(-8)) a composite number?
False
Suppose q - 6 = -q. Suppose w + 4*o + 6 = 14, -4*w + 32 = -q*o. Suppose g - 97 = -w. Is g composite?
False
Let h = -38 - -39. Suppose -3*f + 26 + 17 = -2*k, -2*f - 11 = k. Is (1 - k) + (-2 - h) prime?
False
Let t be (-11496)/(-14) - (-3)/(-21). Let k = t + -30. Is k a prime number?
False
Is 42302/14 - (-21)/49 prime?
False
Suppose -5*i - 10278 = 7432. Let m = 5119 + i. Is m prime?
False
Let c(i) be the third derivative of 5*i**4/12 + i**3/3 - 9*i**2. Let g be c(5). Suppose g + 289 = u. Is u prime?
False
Suppose 2*j - 3095 - 9843 = 0. Is j composite?
False
Suppose j = -4*x - 20, -3*j = 6*x - 4*x. Let n(o) = -12*o**2 - 5*o + 5*o + 3 + 17*o**2 + 4*o. Is n(x) prime?
False
Let p = -74 - -104. Let t = 15 - 12. Suppose 2*y = -t*y + p. Is y prime?
False
Let k(t) = t**2 - 24*t. Let g be k(24). Suppose g = 4*l - 2160 - 2396. Is l prime?
False
Is (3629/(-76))/(4/(-2224)) prime?
False
Let j(d) = -d**2 - 16*d + 6. Let f = -16 + 0. Let s be j(f). Suppose -s*y + 623 = -163. Is y a prime number?
True
Let m(q) be the third derivative of 0*q + 0 + 5/4*q**5 + 1/6*q**3 - 1/12*q**4 - 6*q**2. Is m(1) a composite number?
True
Let t(u) = -u**3 - 13*u**2 + 13*u - 8. Suppose i = 2*i + 21. Is t(i) composite?
True
Is (6 + -1)/(31/30907) prime?
False
Suppose -2*n - 2*n + 12 = 0. Suppose q = -0*q + n. Suppose -2*z = -4*t - 314, 2*z - q*t - 177 = 133. Is z a composite number?
False
Let j be (-724)/(-6)*(-33)/22. Let k = j + 511. Is (8 - 7) + k/1 a composite number?
False
Suppose 0 = 3*z + 4*l - 658 - 111, 5*l + 984 = 4*z. Is z prime?
True
Let r(l) = 1416*l**3 + 2*l**2 - 3*l + 2. Let q(h) = 3*h - 5. Let v be q(2). Is r(v) composite?
True
Let h(t) = 2*t**3 - t**2 + 28. Let n be h(0). Suppose -n*y + 24*y + 628 = 0. Is y a prime number?
True
Let m be (-69)/(-161) - 1044/(-14). Let h = -54 + m. Is h prime?
False
Let t(l) = 58*l**2 + 3*l - 2. Let u(v) = -v**2 + 7*v - 11. Let x be u(3). Is t(x) composite?
False
Is -1 + (-34118)/(-35)*5 a composite number?
True
Let n(b) = -b**3 + 8*b**2 - 11*b - 2. Let r be n(6). Is -1 + 2*124 + r prime?
True
Let s = -812 + 5359. Is s prime?
True
Is (-160413)/(-22)*(-2)/(-3) a composite number?
False
Let z(f) = f**3 - 20*f**2 + 19*f + 5. Let t be z(19). Suppose -5*l - 5*u = -2154 - 356, t*l = 3*u + 2486. Is l a composite number?
False
Let r(o) = -12*o**3 - 3*o**2 + 9*o - 7. Let z(p) = -36*p**3 - 9*p**2 + 26*p - 20. Let n(k) = -17*r(k) + 6*z(k). Is n(-3) a prime number?
False
Suppose 3*q + 16 = 7*q. Suppose -q*l = -16, 3*f = 5*l + 9129 + 2677. Is f/22 - 8/44 a composite number?
False
Let w be -1 - (-4 - -899)/(-5). Let r = w - 107. Is r prime?
True
Suppose 52*v = 883231 - 311075. Is v composite?
False
Let a be (1/(-6))/1 - (-1074)/(-36). Suppose 2*i - i - 190 = 0. Is 15/a - i/(-4) a prime number?
True
Let m(y) = 14 - 2*y - 2*y + 5*y. Let r be m(-8). Suppose -r*l - 284 = -10*l. Is l prime?
True
Suppose 0 = 5*r - 4*m - 2371, -9*r = -11*r - 4*m + 926. Is r a prime number?
False
Let a(l) = l**2 - l - 13. Let j(n) = 12*n - 2*n**2 + 2 + n**2 - 11*n + 9*n**3. Let q be j(-1). Is a(q) prime?
False
Suppose 7*v - 53566 - 26101 = 0. Is v prime?
False
Let p(n) = 6*n**2 - 7*n - 6. Is p(-5) prime?
True
Suppose 0*a + 2*a = 16. Let u(d) = -2*d**2 + 5*d**2 - d**2 + 0 - 9 + 3*d. Is u(a) a composite number?
True
Let f be (1 - 1) + 8/(-8). Let u = f - 21. Is (u/4)/(7/(-182)) composite?
True
Let h be 63/13 - 26/(-169). Suppose 3*o = -0*o + 5*v + 1814, v + 3060 = h*o. Is o prime?
True
Let w = -1 + 4. Let x be (-2)/6 - 194/w. Let c = x + 118. Is c a p